 18*p + 110. Let h be w(-6). Let g(s) = 2*s**3 + 1 - 3*s - s**3 + 0*s. Give g(h).
3
Let h(v) be the first derivative of -v**3/6 - v**2/2 - 32*v + 32. Let y(w) be the first derivative of h(w). What is y(-5)?
4
Let h(b) be the second derivative of b**5/60 + b**4/6 - b**3/6 + b**2 + 10*b. Let j(d) be the first derivative of h(d). Suppose -2*g - 20 = 3*g. What is j(g)?
-1
Let s(g) be the third derivative of -g**4/24 + 11*g**3/6 + 507*g**2 + 3*g. Suppose -4 = -p + 7. What is s(p)?
0
Let u(v) = v**3 + 5*v**2 + 3*v - 1. Let q = 133 - 136. Give u(q).
8
Suppose -8 = 2*n - 4*d, -48*n - 5*d = -47*n + 4. Let h(a) = -a**2 - 2*a + 14. Determine h(n).
6
Let i(l) = l**3 - 3*l**2 - 5*l + 4. Let p = -65 - -19. Let u = -42 - p. Determine i(u).
0
Let p(v) = 232*v**2 - 469*v**2 - 7*v + 236*v**2 - 7. Give p(-4).
5
Let d(u) = -u - 4. Let l be 9 + (-119)/13 + (-210)/(-13). Calculate d(l).
-20
Let h(f) = 2*f - f - 18 - 2 + 43. Calculate h(0).
23
Let v be ((-350)/(-420))/(2/(-12)). Let c(x) = x**3 + 5*x**2 + x + 1. Give c(v).
-4
Let t be 3/(-4) + (-2904)/96. Let x = 57 + t. Let z = x + -28. Let l(q) = 4*q + 3. Calculate l(z).
-5
Let a(w) = -5 + 0*w**3 + 3*w**3 + w - w**2 - 2*w**3 + 2. Suppose -32*x + 27*x + 10 = 0. Suppose -x*j - 2*z + 4 = 2, 3*z = 5*j + 3. What is a(j)?
-3
Let s = -15 + 16. Let p(m) = -s + 2*m**2 + 3*m - m**3 + 1 + 7 - 4. Suppose -2*r + 4 + 2 = 0. Determine p(r).
3
Let p = 0 - 0. Suppose -f + 4*f - 7 = a, 3*f - 12 = p. Let q(d) be the first derivative of d**4/4 - 5*d**3/3 - d**2/2 + 6*d + 1. What is q(a)?
1
Let n(i) = 124*i**2 - 6*i + 1 - 123*i**2 - 1. What is n(4)?
-8
Let y = 1 + 4. Suppose 3*v + v - 39 = -y*t, 0 = -2*v + 2. Let u(b) = b**2 - 7 + 7*b**2 + 4*b - t*b**2 + 2. What is u(-5)?
0
Let n(l) = 13*l**2 - l. Let r(c) = -3*c**3 + 2*c - 5. Let h be r(-3). Let k be ((-20)/h)/(4/(-14)). Give n(k).
12
Let k(s) = s**3 - 3*s**2 - 5*s + 3. Suppose -10*w = -19 - 151. Let j(r) = r - 13. Let l be j(w). What is k(l)?
-1
Let g(d) = -4*d**3 + 2*d**2 - 1. Let h be g(1). Let r(p) = p**3 + 2*p**2 + 3*p. Calculate r(h).
-18
Suppose -14*c - 126 = 7*c. Let z(w) = w**3 + 6*w**2 + 6. Determine z(c).
6
Let k(v) = -v + 1. Let w be (108/(-15))/((-21)/(-70)). Let n = 33 + -13. Let u = n + w. What is k(u)?
5
Let g(p) be the first derivative of -7*p - 1/2*p**2 - 25. Give g(-9).
2
Let n(q) = -7*q + 1. Let b(m) = -m. Let p = 0 + -1. Let f(k) = p*n(k) + 6*b(k). Let w = -129 + 125. What is f(w)?
-5
Let s(u) = -5*u + 13. Let k(m) = 4*m - 13. Let a(g) = 4*k(g) + 3*s(g). Let f(x) = 4*x**2 - 4*x + 5. Let o be f(2). Suppose -10*j = -o*j. Calculate a(j).
-13
Let o(r) be the first derivative of -11 - 4*r + 4/3*r**3 + 1/4*r**4 - 1/2*r**2. Calculate o(-4).
0
Let a(v) = 14*v - 17*v - 6*v + 3 - 2. Give a(3).
-26
Let u(n) = n**2 + 12*n + 22. Let j be u(-13). Let l = 5 - -2. Suppose l*k - j = -0*k. Let o(c) = c**2 - 7*c + 3. Calculate o(k).
-7
Let y(w) = 2*w + 2. Suppose 3*h = 4*u - 14, -11*h - 3*u = -16*h - 16. Calculate y(h).
-2
Let h(y) = y**3 + 29*y**2 + 2*y + 52. Let w be h(-29). Let a(t) be the second derivative of -t**5/20 - 5*t**4/12 + 7*t**3/6 + 2*t**2 - t. Give a(w).
-2
Let m be (-4)/14 - 6/(-21). Let x(j) = 2*j + 2. Let g(d) = 13*d + 15. Let i(f) = -g(f) + 6*x(f). Calculate i(m).
-3
Let p(z) = 2*z**2 + 0*z**2 - 14*z - z**3 + 20*z - 6. Let j be p(3). Let y(c) = -c + 3. What is y(j)?
0
Let s(t) = -t**2 - 3*t - 3. Let h(k) = 2*k**2 + 6*k + 6. Let r(b) = 12*b**2 + 2*b + 1. Let d be r(-1). Let n(v) = d*s(v) + 6*h(v). Give n(-4).
7
Let j(c) = -10*c**2 - c + 1. Let p = -6 - -11. Suppose p*f + 0*f + 140 = 3*y, 3*f = 3*y - 90. Let d = 26 + f. Determine j(d).
-10
Let y = 15 + -9. Let n(c) = c**2 - c - 1. Let v(k) = k**3 - 6*k**2 + 3*k + 7. Let b(r) = y*n(r) + v(r). Give b(2).
3
Let o(a) = 5*a**2 - 18*a + 6. Let l(s) = 4*s**2 - 17*s + 8. Let t(b) = 6*l(b) - 5*o(b). Give t(-14).
-10
Let z(i) = 3*i + 4. Let r be z(2). Let u(o) = 2 + o + 10*o**2 - r*o**2 + o**2 + 1. Calculate u(-3).
9
Suppose -5*i = 5*h + 15, 3*i + 4*h - 5 = -18. Let p be (((-2)/i)/2)/((-10)/(-30)). Let w(a) be the first derivative of -a**3/3 - 2*a**2 + 1. Give w(p).
3
Suppose -5*v - 5 = 0, 0*m + 4*m = 4*v + 12. Let s(i) = 4*i**2 - 9*i**m + 3 - 6*i + 2*i**2 + 4*i**2. Calculate s(6).
3
Let d(v) = 4*v. Suppose -5*l = -l + 20. Calculate d(l).
-20
Let y(w) = -5*w. Let k = 1 + 4. Let g(h) be the first derivative of -3*h**2 + 13. Let m(u) = k*y(u) - 4*g(u). Determine m(-3).
3
Let r(u) = 79 + 31 - 2*u - 94. What is r(7)?
2
Let z(y) = -y**3 + 2*y**2 - y + 1. Let k(u) = 3*u**3 - 5*u**2 + u + 9. Let s(r) = -k(r) - 2*z(r). Calculate s(0).
-11
Let q(k) = -3*k - 6. Suppose n - 21 = -4*l, 0 = 3*l - 6*n + n + 13. Suppose l*t + 12 = t. What is q(t)?
6
Suppose -4*d + 36 = -7*d. Let k be d/8*(-8)/3. Let g(r) = 4 + 0*r - k - r + 1. Determine g(0).
1
Let u(k) be the second derivative of -k**7/2520 - k**6/90 - k**5/120 - 19*k**4/12 - 6*k. Let q(h) be the third derivative of u(h). What is q(-6)?
11
Let v(x) be the second derivative of -x**7/2520 + x**6/120 - x**5/20 + x**4 + 9*x. Let o(d) be the third derivative of v(d). Give o(4).
2
Let t(q) = 2*q + 334*q**2 + 211*q**2 - 543*q**2 + 1 - 4*q**3. Suppose -11 = -0*i - i - 4*m, i = -3*m + 8. Determine t(i).
5
Let w(c) = 6*c**2 - 4667 + 4*c + c - c**3 + 2*c + 4669 + c. Calculate w(7).
9
Let j be (-2 - 5/(-3)) + (-126)/(-54). Suppose j*d + 2 + 0 = -2*q, -3*d = 5*q + 15. Let c(k) = -4*k + 6 + k**2 + 0*k**2 - 2*k**2. Give c(q).
-6
Let v be 36/20 - 2/(-10). Let b(f) = 6*f**3 + 2*f**2 + 3*f + v + 2*f**3 - 7*f**3. Suppose 0 = 4*i - 3*i + 2. Calculate b(i).
-4
Let i = -23 - -26. Suppose -6*f + i*f = 0. Let z(v) = -v**3 + v**2 + v + 2. What is z(f)?
2
Suppose -9*r - 44 + 35 = 0. Let s(j) = -22*j + 1. Give s(r).
23
Let c(q) = 5*q + 15. Let m = -15 - -18. Let i(l) = 4*l + 14. Let g(b) = m*c(b) - 4*i(b). Let v be g(-7). Let t(o) = o**3 + 4*o**2 + 4. Calculate t(v).
4
Let o(c) = -c**3 + 2*c**2 + c + 1. Let z = -18 + 20. Let n(w) = -2*w**3 + 5*w**2 + 2*w + 2. Let u be -1*5/2*2. Let s(a) = u*o(a) + z*n(a). What is s(2)?
5
Let i(n) = 52 - 42 - 2*n**2 - 1. Calculate i(-3).
-9
Suppose 22*k - 44 = -0*k. Let w(l) be the first derivative of k + 7*l + 1/2*l**2 + 1/3*l**3. Calculate w(0).
7
Suppose 5*m + 52 = 4*z, 9 = 2*z + 3. Let a(j) be the first derivative of j**4/4 + 7*j**3/3 - 4*j**2 - j - 58. What is a(m)?
-1
Let b(k) = 90*k - 44*k - 56*k. Determine b(-1).
10
Let x = 21 + -15. Let f(q) be the third derivative of q**4/24 - 4*q**2 - 351*q. Calculate f(x).
6
Let v(s) be the second derivative of s**8/840 - s**6/720 + s**4/3 + 6*s. Let b(g) be the third derivative of v(g). What is b(-1)?
-7
Suppose -7 + 0 = -2*s - q, 2*s + 13 = -5*q. Suppose -s*j + 5*j = 0. Let w(x) = x**3 + x**2 + 0*x + 0*x**2 + 3*x - 2*x. What is w(j)?
0
Let n(u) = 11*u**3 + 10*u**2 - 7*u - 2. Let z(i) = 14*i**3 + 11*i**2 - 8*i - 3. Let c(d) = 5*n(d) - 4*z(d). Determine c(5).
12
Suppose -6 = v - 9. Let b be (-4)/v + (-132)/36. Let p(c) = -c - 12. Give p(b).
-7
Let n(c) = 5*c**3 - 2*c**2 + 3*c - 2. Let f = 2425 - 2424. What is n(f)?
4
Let g = -265 + 271. Let p(s) = s**3 - 6*s**2 - s + 1. Give p(g).
-5
Suppose -r + 4 = 0, 3 + 9 = 4*l + 4*r. Let x(y) = 18*y**3 - y**2 + 1. Calculate x(l).
-18
Let w(d) = -d**3 - 5*d**2 - d - 6. Let o(z) = 3*z + 5. Let h = 4 + -4. Let a be o(h). Suppose 0*b = -b - a. Calculate w(b).
-1
Let p(q) be the first derivative of -q**2 + 16 + 0*q + 1/3*q**3. What is p(3)?
3
Suppose -3*b = b. Let l(i) = -6*i + 3 + 6*i**2 + 2 + b*i**2 - 4 - i**3. Let t = 9 + -4. What is l(t)?
-4
Let c(r) = -2*r**3 - 6*r**2 + 14*r + 2. Let m(q) = -q**3 - 7*q**2 + 13*q + 2. Let h(g) = 2*c(g) - 3*m(g). Let y be 4/6*(-12)/(-1) + 0. What is h(y)?
-26
Let d(f) = -f - 4. Let a be (-299)/11 - 10/(-55). Let i = a - -47. Suppose -5*z - 15 - i = 5*s, 5*z + 2*s = -29. Determine d(z).
1
Let x(a) = 2*a**3 + a**2 - 9*a - 2. Let h(m) = -m**3 + 4*m + 1. Let j = -12 - 1. Let y(g) = j*h(g) - 6*x(g). Give y(6).
11
Let g(r) = -3*r**2 - 15*r - 2. Let y(a) = a**3 + a + 7. Let x be y(0). Let p(l) = 4*l**2 + 22*l + 3. Let j(w) = x*g(w) + 5*p(w). Calculate j(6).
-5
Let c(v) = -v**2 + 1. Let j(i) be the second derivative of 5*i**4/12 - 7*i**3/6 + i**2 - 8*i. Let t(q) = 4*c(q) + j(q). Give t(6).
0
Let z = 3 + -2. Let p(i) = -1. Let m(q) = 20*q + 5. Let s(y) = 9*y + 3. Let b(r)